{"id":516,"date":"2019-02-07T13:07:33","date_gmt":"2019-02-07T12:07:33","guid":{"rendered":"http:\/\/fondationclaudinetalon.org\/?page_id=516"},"modified":"2026-02-24T10:10:45","modified_gmt":"2026-02-24T09:10:45","slug":"a-propos","status":"publish","type":"page","link":"https:\/\/fondationclaudinetalon.org\/index.php\/a-propos\/","title":{"rendered":"[A PROPOS] &#8211; \u00c0 propos de la Fondation Claudine Talon"},"content":{"rendered":"\t\t<div data-elementor-type=\"wp-post\" data-elementor-id=\"516\" class=\"elementor elementor-516\">\n\t\t\t\t<div class=\"elementor-element elementor-element-be1eaa8 e-con-full e-flex e-con e-parent\" data-id=\"be1eaa8\" data-element_type=\"container\" data-e-type=\"container\">\n\t\t\t\t<div class=\"elementor-element elementor-element-f6010e8 elementor-widget__width-inherit elementor-widget elementor-widget-text-editor\" data-id=\"f6010e8\" data-element_type=\"widget\" data-e-type=\"widget\" data-widget_type=\"text-editor.default\">\n\t\t\t\t<div class=\"elementor-widget-container\">\n\t\t\t\t\t\t\t\t\t<p>\u00c0 propos de la<\/p><p>Fondation Claudine Talon<\/p>\t\t\t\t\t\t\t\t<\/div>\n\t\t\t\t<\/div>\n\t\t<div class=\"elementor-element elementor-element-66952d9 e-grid e-con-full e-con e-child\" data-id=\"66952d9\" data-element_type=\"container\" data-e-type=\"container\">\n\t\t\t\t<div class=\"elementor-element elementor-element-35d2e08 elementor-widget elementor-widget-image\" data-id=\"35d2e08\" data-element_type=\"widget\" data-e-type=\"widget\" data-widget_type=\"image.default\">\n\t\t\t\t<div class=\"elementor-widget-container\">\n\t\t\t\t\t\t\t\t\t\t\t\t\t\t\t<img fetchpriority=\"high\" decoding=\"async\" width=\"768\" height=\"431\" src=\"https:\/\/fondationclaudinetalon.org\/wp-content\/uploads\/2026\/02\/A-propos-blanc-noir-768x431.jpg\" class=\"attachment-medium_large size-medium_large wp-image-11765\" alt=\"\" srcset=\"https:\/\/fondationclaudinetalon.org\/wp-content\/uploads\/2026\/02\/A-propos-blanc-noir-768x431.jpg 768w, https:\/\/fondationclaudinetalon.org\/wp-content\/uploads\/2026\/02\/A-propos-blanc-noir-300x168.jpg 300w, https:\/\/fondationclaudinetalon.org\/wp-content\/uploads\/2026\/02\/A-propos-blanc-noir-1024x575.jpg 1024w, https:\/\/fondationclaudinetalon.org\/wp-content\/uploads\/2026\/02\/A-propos-blanc-noir.jpg 1417w\" sizes=\"(max-width: 768px) 100vw, 768px\" \/>\t\t\t\t\t\t\t\t\t\t\t\t\t\t\t<\/div>\n\t\t\t\t<\/div>\n\t\t<div class=\"elementor-element elementor-element-a450ef2 e-con-full e-flex e-con e-child\" data-id=\"a450ef2\" data-element_type=\"container\" data-e-type=\"container\">\n\t\t\t\t<div class=\"elementor-element elementor-element-644073e elementor-widget__width-inherit elementor-widget elementor-widget-text-editor\" data-id=\"644073e\" data-element_type=\"widget\" data-e-type=\"widget\" data-widget_type=\"text-editor.default\">\n\t\t\t\t<div class=\"elementor-widget-container\">\n\t\t\t\t\t\t\t\t\t<p>Raison d\u2019\u00eatre<\/p>\t\t\t\t\t\t\t\t<\/div>\n\t\t\t\t<\/div>\n\t\t\t\t<div class=\"elementor-element elementor-element-a7eb7bd elementor-widget__width-inherit elementor-widget elementor-widget-text-editor\" data-id=\"a7eb7bd\" data-element_type=\"widget\" data-e-type=\"widget\" data-widget_type=\"text-editor.default\">\n\t\t\t\t<div class=\"elementor-widget-container\">\n\t\t\t\t\t\t\t\t\t<div class=\"page\" title=\"Page 4\"><div class=\"layoutArea\"><div class=\"column\"><p class=\"p1\"><span class=\"s1\">Apporter une r\u00e9ponse rapide et int\u00e9gr\u00e9e aux besoins prioritaires des femmes et des enfants vuln\u00e9rables au B\u00e9nin. <\/span><\/p><\/div><\/div><\/div>\t\t\t\t\t\t\t\t<\/div>\n\t\t\t\t<\/div>\n\t\t\t\t<div class=\"elementor-element elementor-element-a2f429c elementor-widget__width-inherit elementor-widget elementor-widget-text-editor\" data-id=\"a2f429c\" data-element_type=\"widget\" data-e-type=\"widget\" data-widget_type=\"text-editor.default\">\n\t\t\t\t<div class=\"elementor-widget-container\">\n\t\t\t\t\t\t\t\t\t<p>Vision<\/p>\t\t\t\t\t\t\t\t<\/div>\n\t\t\t\t<\/div>\n\t\t\t\t<div class=\"elementor-element elementor-element-2bc0702 elementor-widget__width-inherit elementor-widget elementor-widget-text-editor\" data-id=\"2bc0702\" data-element_type=\"widget\" data-e-type=\"widget\" data-widget_type=\"text-editor.default\">\n\t\t\t\t<div class=\"elementor-widget-container\">\n\t\t\t\t\t\t\t\t\t<p class=\"p1\"><span class=\"s1\">Un monde dans lequel les femmes et les enfants les plus vuln\u00e9rables ont une meilleure qualit\u00e9 de vie.<\/span><\/p>\t\t\t\t\t\t\t\t<\/div>\n\t\t\t\t<\/div>\n\t\t\t\t<div class=\"elementor-element elementor-element-7e7ed01 elementor-widget__width-inherit elementor-widget elementor-widget-text-editor\" data-id=\"7e7ed01\" data-element_type=\"widget\" data-e-type=\"widget\" data-widget_type=\"text-editor.default\">\n\t\t\t\t<div class=\"elementor-widget-container\">\n\t\t\t\t\t\t\t\t\t<p>Principes d&rsquo;action<\/p>\t\t\t\t\t\t\t\t<\/div>\n\t\t\t\t<\/div>\n\t\t\t\t<div class=\"elementor-element elementor-element-1dd4e71 elementor-widget__width-inherit elementor-widget elementor-widget-text-editor\" data-id=\"1dd4e71\" data-element_type=\"widget\" data-e-type=\"widget\" data-widget_type=\"text-editor.default\">\n\t\t\t\t<div class=\"elementor-widget-container\">\n\t\t\t\t\t\t\t\t\t<p>La Fondation Claudine Talon met en \u0153uvre des projets dans les domaines de :<\/p><ul><li>la sant\u00e9, en am\u00e9liorant l&rsquo;acc\u00e8s \u00e0 des soins de qualit\u00e9 ;<\/li><li>l&rsquo;eau, l&rsquo;hygi\u00e8ne et l&rsquo;assainissement, en trouvant des solutions durables au manque d&rsquo;acc\u00e8s \u00e0 l&rsquo;eau potable et \u00e0 l&rsquo;absent\u00e9isme des \u00e9l\u00e8ves pour cause de menstrues ;<\/li><li>l&rsquo;\u00e9ducation, en contribuant \u00e0 l&rsquo;am\u00e9lioration du cadre scolaire et en stimulant l&rsquo;excellence ;<\/li><li>l&rsquo;autonomisation, en permettant \u00e0 des jeunes filles d\u00e9scolaris\u00e9es d&rsquo;apprendre un m\u00e9tier et de devenir autonomes ;<\/li><li>la solidarit\u00e9, en apportant un soutien \u00e0 des personnes en situation d&rsquo;extr\u00eame vuln\u00e9rabilit\u00e9.<\/li><\/ul>\t\t\t\t\t\t\t\t<\/div>\n\t\t\t\t<\/div>\n\t\t\t\t<\/div>\n\t\t\t\t<\/div>\n\t\t\t\t<\/div>\n\t\t<div class=\"elementor-element elementor-element-19222ac e-con-full e-flex e-con e-parent\" data-id=\"19222ac\" data-element_type=\"container\" data-e-type=\"container\">\n\t\t\t\t<div class=\"elementor-element elementor-element-a95007a elementor-widget__width-inherit elementor-widget elementor-widget-text-editor\" data-id=\"a95007a\" data-element_type=\"widget\" data-e-type=\"widget\" data-widget_type=\"text-editor.default\">\n\t\t\t\t<div class=\"elementor-widget-container\">\n\t\t\t\t\t\t\t\t\t<p>Nos valeurs<\/p>\t\t\t\t\t\t\t\t<\/div>\n\t\t\t\t<\/div>\n\t\t<div class=\"elementor-element elementor-element-88b00c3 e-grid e-con-full e-con e-child\" data-id=\"88b00c3\" data-element_type=\"container\" data-e-type=\"container\">\n\t\t<div class=\"elementor-element elementor-element-93acaa9 e-con-full e-flex e-con e-child\" data-id=\"93acaa9\" data-element_type=\"container\" data-e-type=\"container\">\n\t\t\t\t<div class=\"elementor-element elementor-element-08cbeb1 elementor-widget__width-inherit elementor-widget elementor-widget-text-editor\" data-id=\"08cbeb1\" data-element_type=\"widget\" data-e-type=\"widget\" data-widget_type=\"text-editor.default\">\n\t\t\t\t<div class=\"elementor-widget-container\">\n\t\t\t\t\t\t\t\t\t<p>Solidarit\u00e9<\/p>\t\t\t\t\t\t\t\t<\/div>\n\t\t\t\t<\/div>\n\t\t\t\t<div class=\"elementor-element elementor-element-9843695 elementor-widget__width-inherit elementor-widget elementor-widget-text-editor\" data-id=\"9843695\" data-element_type=\"widget\" data-e-type=\"widget\" data-widget_type=\"text-editor.default\">\n\t\t\t\t<div class=\"elementor-widget-container\">\n\t\t\t\t\t\t\t\t\t<p>Nous venons en aide de mani\u00e8re d\u00e9sint\u00e9ress\u00e9e aux personnes les plus vuln\u00e9rables.<\/p>\t\t\t\t\t\t\t\t<\/div>\n\t\t\t\t<\/div>\n\t\t\t\t<\/div>\n\t\t<div class=\"elementor-element elementor-element-67f8a28 e-con-full e-flex e-con e-child\" data-id=\"67f8a28\" data-element_type=\"container\" data-e-type=\"container\">\n\t\t\t\t<div class=\"elementor-element elementor-element-b3ef953 elementor-widget__width-inherit elementor-widget elementor-widget-text-editor\" data-id=\"b3ef953\" data-element_type=\"widget\" data-e-type=\"widget\" data-widget_type=\"text-editor.default\">\n\t\t\t\t<div class=\"elementor-widget-container\">\n\t\t\t\t\t\t\t\t\t<p>Respect<\/p>\t\t\t\t\t\t\t\t<\/div>\n\t\t\t\t<\/div>\n\t\t\t\t<div class=\"elementor-element elementor-element-a91a4b4 elementor-widget__width-inherit elementor-widget elementor-widget-text-editor\" data-id=\"a91a4b4\" data-element_type=\"widget\" data-e-type=\"widget\" data-widget_type=\"text-editor.default\">\n\t\t\t\t<div class=\"elementor-widget-container\">\n\t\t\t\t\t\t\t\t\t<p>Nous agissons avec consid\u00e9ration, sans discrimination et en tenant compte des particularit\u00e9s de chacun.<\/p>\t\t\t\t\t\t\t\t<\/div>\n\t\t\t\t<\/div>\n\t\t\t\t<\/div>\n\t\t<div class=\"elementor-element elementor-element-13a82de e-con-full e-flex e-con e-child\" data-id=\"13a82de\" data-element_type=\"container\" data-e-type=\"container\">\n\t\t\t\t<div class=\"elementor-element elementor-element-f7049f7 elementor-widget__width-inherit elementor-widget elementor-widget-text-editor\" data-id=\"f7049f7\" data-element_type=\"widget\" data-e-type=\"widget\" data-widget_type=\"text-editor.default\">\n\t\t\t\t<div class=\"elementor-widget-container\">\n\t\t\t\t\t\t\t\t\t<p>Efficacit\u00e9<\/p>\t\t\t\t\t\t\t\t<\/div>\n\t\t\t\t<\/div>\n\t\t\t\t<div class=\"elementor-element elementor-element-154cb55 elementor-widget__width-inherit elementor-widget elementor-widget-text-editor\" data-id=\"154cb55\" data-element_type=\"widget\" data-e-type=\"widget\" data-widget_type=\"text-editor.default\">\n\t\t\t\t<div class=\"elementor-widget-container\">\n\t\t\t\t\t\t\t\t\t<p>Nous menons des actions avec un souci permanent de qualit\u00e9 et de durabilit\u00e9.<\/p>\t\t\t\t\t\t\t\t<\/div>\n\t\t\t\t<\/div>\n\t\t\t\t<\/div>\n\t\t\t\t<\/div>\n\t\t\t\t<\/div>\n\t\t<div class=\"elementor-element elementor-element-7f4c456 e-con-full e-flex e-con e-parent\" data-id=\"7f4c456\" data-element_type=\"container\" data-e-type=\"container\">\n\t\t\t\t<div class=\"elementor-element elementor-element-cc1b00b elementor-widget__width-inherit elementor-widget elementor-widget-text-editor\" data-id=\"cc1b00b\" data-element_type=\"widget\" data-e-type=\"widget\" data-widget_type=\"text-editor.default\">\n\t\t\t\t<div class=\"elementor-widget-container\">\n\t\t\t\t\t\t\t\t\t<p>Rapports annuels<\/p>\t\t\t\t\t\t\t\t<\/div>\n\t\t\t\t<\/div>\n\t\t<div class=\"elementor-element elementor-element-b181d6c e-grid e-con-full e-con e-child\" data-id=\"b181d6c\" data-element_type=\"container\" data-e-type=\"container\">\n\t\t\t\t<div class=\"elementor-element elementor-element-9f78d67 elementor-widget__width-inherit elementor-widget elementor-widget-image\" data-id=\"9f78d67\" data-element_type=\"widget\" data-e-type=\"widget\" data-widget_type=\"image.default\">\n\t\t\t\t<div class=\"elementor-widget-container\">\n\t\t\t\t\t\t\t\t\t\t\t\t<figure class=\"wp-caption\">\n\t\t\t\t\t\t\t\t\t\t\t<a href=\"https:\/\/fondationclaudinetalon.org\/wp-content\/uploads\/2026\/02\/Rapport-annuel-Fondation-Claudine-Talon-2024.pdf\">\n\t\t\t\t\t\t\t<img decoding=\"async\" width=\"680\" height=\"850\" src=\"https:\/\/fondationclaudinetalon.org\/wp-content\/uploads\/2026\/02\/Rapport-annuel-Fondation-Claudine-Talon-2024.jpg\" class=\"elementor-animation-grow attachment-medium_large size-medium_large wp-image-11783\" alt=\"\" srcset=\"https:\/\/fondationclaudinetalon.org\/wp-content\/uploads\/2026\/02\/Rapport-annuel-Fondation-Claudine-Talon-2024.jpg 680w, https:\/\/fondationclaudinetalon.org\/wp-content\/uploads\/2026\/02\/Rapport-annuel-Fondation-Claudine-Talon-2024-240x300.jpg 240w\" sizes=\"(max-width: 680px) 100vw, 680px\" \/>\t\t\t\t\t\t\t\t<\/a>\n\t\t\t\t\t\t\t\t\t\t\t<figcaption class=\"widget-image-caption wp-caption-text\">2024<\/figcaption>\n\t\t\t\t\t\t\t\t\t\t<\/figure>\n\t\t\t\t\t\t\t\t\t<\/div>\n\t\t\t\t<\/div>\n\t\t\t\t<div class=\"elementor-element elementor-element-182b72f elementor-widget__width-inherit elementor-widget elementor-widget-image\" data-id=\"182b72f\" data-element_type=\"widget\" data-e-type=\"widget\" data-widget_type=\"image.default\">\n\t\t\t\t<div class=\"elementor-widget-container\">\n\t\t\t\t\t\t\t\t\t\t\t\t<figure class=\"wp-caption\">\n\t\t\t\t\t\t\t\t\t\t\t<a href=\"https:\/\/fondationclaudinetalon.org\/wp-content\/uploads\/2026\/02\/Rapport-annuel-Fondation-Claudine-Talon-2023.pdf\">\n\t\t\t\t\t\t\t<img decoding=\"async\" width=\"680\" height=\"850\" src=\"https:\/\/fondationclaudinetalon.org\/wp-content\/uploads\/2026\/02\/Rapport-annuel-Fondation-Claudine-Talon-2023.jpg\" class=\"elementor-animation-grow attachment-large size-large wp-image-11784\" alt=\"\" srcset=\"https:\/\/fondationclaudinetalon.org\/wp-content\/uploads\/2026\/02\/Rapport-annuel-Fondation-Claudine-Talon-2023.jpg 680w, https:\/\/fondationclaudinetalon.org\/wp-content\/uploads\/2026\/02\/Rapport-annuel-Fondation-Claudine-Talon-2023-240x300.jpg 240w\" sizes=\"(max-width: 680px) 100vw, 680px\" \/>\t\t\t\t\t\t\t\t<\/a>\n\t\t\t\t\t\t\t\t\t\t\t<figcaption class=\"widget-image-caption wp-caption-text\">2023<\/figcaption>\n\t\t\t\t\t\t\t\t\t\t<\/figure>\n\t\t\t\t\t\t\t\t\t<\/div>\n\t\t\t\t<\/div>\n\t\t\t\t<div class=\"elementor-element elementor-element-acffa21 elementor-widget__width-inherit elementor-widget elementor-widget-image\" data-id=\"acffa21\" data-element_type=\"widget\" data-e-type=\"widget\" data-widget_type=\"image.default\">\n\t\t\t\t<div class=\"elementor-widget-container\">\n\t\t\t\t\t\t\t\t\t\t\t\t<figure class=\"wp-caption\">\n\t\t\t\t\t\t\t\t\t\t\t<a href=\"https:\/\/fondationclaudinetalon.org\/wp-content\/uploads\/2026\/02\/Rapport-annuel-Fondation-Claudine-Talon-2022.pdf\">\n\t\t\t\t\t\t\t<img loading=\"lazy\" decoding=\"async\" width=\"680\" height=\"850\" src=\"https:\/\/fondationclaudinetalon.org\/wp-content\/uploads\/2026\/02\/Rapport-annuel-Fondation-Claudine-Talon-2022.jpg\" class=\"elementor-animation-grow attachment-medium_large size-medium_large wp-image-11785\" alt=\"\" srcset=\"https:\/\/fondationclaudinetalon.org\/wp-content\/uploads\/2026\/02\/Rapport-annuel-Fondation-Claudine-Talon-2022.jpg 680w, https:\/\/fondationclaudinetalon.org\/wp-content\/uploads\/2026\/02\/Rapport-annuel-Fondation-Claudine-Talon-2022-240x300.jpg 240w\" sizes=\"(max-width: 680px) 100vw, 680px\" \/>\t\t\t\t\t\t\t\t<\/a>\n\t\t\t\t\t\t\t\t\t\t\t<figcaption class=\"widget-image-caption wp-caption-text\">2022<\/figcaption>\n\t\t\t\t\t\t\t\t\t\t<\/figure>\n\t\t\t\t\t\t\t\t\t<\/div>\n\t\t\t\t<\/div>\n\t\t\t\t<div class=\"elementor-element elementor-element-e2c4608 elementor-widget__width-inherit elementor-widget elementor-widget-image\" data-id=\"e2c4608\" data-element_type=\"widget\" data-e-type=\"widget\" data-widget_type=\"image.default\">\n\t\t\t\t<div class=\"elementor-widget-container\">\n\t\t\t\t\t\t\t\t\t\t\t\t<figure class=\"wp-caption\">\n\t\t\t\t\t\t\t\t\t\t\t<a href=\"https:\/\/fondationclaudinetalon.org\/wp-content\/uploads\/2026\/02\/Rapport-annuel-Fondation-Claudine-Talon-2021.pdf\">\n\t\t\t\t\t\t\t<img loading=\"lazy\" decoding=\"async\" width=\"680\" height=\"850\" src=\"https:\/\/fondationclaudinetalon.org\/wp-content\/uploads\/2026\/02\/Rapport-annuel-Fondation-Claudine-Talon-2021.jpg\" class=\"elementor-animation-grow attachment-medium_large size-medium_large wp-image-11786\" alt=\"\" srcset=\"https:\/\/fondationclaudinetalon.org\/wp-content\/uploads\/2026\/02\/Rapport-annuel-Fondation-Claudine-Talon-2021.jpg 680w, https:\/\/fondationclaudinetalon.org\/wp-content\/uploads\/2026\/02\/Rapport-annuel-Fondation-Claudine-Talon-2021-240x300.jpg 240w\" sizes=\"(max-width: 680px) 100vw, 680px\" \/>\t\t\t\t\t\t\t\t<\/a>\n\t\t\t\t\t\t\t\t\t\t\t<figcaption class=\"widget-image-caption wp-caption-text\">2021<\/figcaption>\n\t\t\t\t\t\t\t\t\t\t<\/figure>\n\t\t\t\t\t\t\t\t\t<\/div>\n\t\t\t\t<\/div>\n\t\t\t\t<div class=\"elementor-element elementor-element-a52dccc elementor-widget__width-inherit elementor-widget elementor-widget-image\" data-id=\"a52dccc\" data-element_type=\"widget\" data-e-type=\"widget\" data-widget_type=\"image.default\">\n\t\t\t\t<div class=\"elementor-widget-container\">\n\t\t\t\t\t\t\t\t\t\t\t\t<figure class=\"wp-caption\">\n\t\t\t\t\t\t\t\t\t\t\t<a href=\"https:\/\/fondationclaudinetalon.org\/wp-content\/uploads\/2026\/02\/Rapport-annuel-Fondation-Claudine-Talon-2020.pdf\">\n\t\t\t\t\t\t\t<img loading=\"lazy\" decoding=\"async\" width=\"680\" height=\"850\" src=\"https:\/\/fondationclaudinetalon.org\/wp-content\/uploads\/2026\/02\/Rapport-annuel-Fondation-Claudine-Talon-2020.jpg\" class=\"elementor-animation-grow attachment-medium_large size-medium_large wp-image-11787\" alt=\"\" srcset=\"https:\/\/fondationclaudinetalon.org\/wp-content\/uploads\/2026\/02\/Rapport-annuel-Fondation-Claudine-Talon-2020.jpg 680w, https:\/\/fondationclaudinetalon.org\/wp-content\/uploads\/2026\/02\/Rapport-annuel-Fondation-Claudine-Talon-2020-240x300.jpg 240w\" sizes=\"(max-width: 680px) 100vw, 680px\" \/>\t\t\t\t\t\t\t\t<\/a>\n\t\t\t\t\t\t\t\t\t\t\t<figcaption class=\"widget-image-caption wp-caption-text\">2020<\/figcaption>\n\t\t\t\t\t\t\t\t\t\t<\/figure>\n\t\t\t\t\t\t\t\t\t<\/div>\n\t\t\t\t<\/div>\n\t\t\t\t<div class=\"elementor-element elementor-element-57dba9f elementor-widget__width-inherit elementor-widget elementor-widget-image\" data-id=\"57dba9f\" data-element_type=\"widget\" data-e-type=\"widget\" data-widget_type=\"image.default\">\n\t\t\t\t<div class=\"elementor-widget-container\">\n\t\t\t\t\t\t\t\t\t\t\t\t<figure class=\"wp-caption\">\n\t\t\t\t\t\t\t\t\t\t\t<a href=\"https:\/\/fondationclaudinetalon.org\/wp-content\/uploads\/2026\/02\/Rapport-annuel-Fondation-Claudine-Talon-2019.pdf\">\n\t\t\t\t\t\t\t<img loading=\"lazy\" decoding=\"async\" width=\"680\" height=\"850\" src=\"https:\/\/fondationclaudinetalon.org\/wp-content\/uploads\/2026\/02\/Rapport-annuel-Fondation-Claudine-Talon-2019.jpg\" class=\"elementor-animation-grow attachment-medium_large size-medium_large wp-image-11788\" alt=\"\" srcset=\"https:\/\/fondationclaudinetalon.org\/wp-content\/uploads\/2026\/02\/Rapport-annuel-Fondation-Claudine-Talon-2019.jpg 680w, https:\/\/fondationclaudinetalon.org\/wp-content\/uploads\/2026\/02\/Rapport-annuel-Fondation-Claudine-Talon-2019-240x300.jpg 240w\" sizes=\"(max-width: 680px) 100vw, 680px\" \/>\t\t\t\t\t\t\t\t<\/a>\n\t\t\t\t\t\t\t\t\t\t\t<figcaption class=\"widget-image-caption wp-caption-text\">2019<\/figcaption>\n\t\t\t\t\t\t\t\t\t\t<\/figure>\n\t\t\t\t\t\t\t\t\t<\/div>\n\t\t\t\t<\/div>\n\t\t\t\t<div class=\"elementor-element elementor-element-01dc307 elementor-widget__width-inherit elementor-widget elementor-widget-image\" data-id=\"01dc307\" data-element_type=\"widget\" data-e-type=\"widget\" data-widget_type=\"image.default\">\n\t\t\t\t<div class=\"elementor-widget-container\">\n\t\t\t\t\t\t\t\t\t\t\t\t<figure class=\"wp-caption\">\n\t\t\t\t\t\t\t\t\t\t\t<a href=\"https:\/\/fondationclaudinetalon.org\/wp-content\/uploads\/2026\/02\/Rapport-annuel-Fondation-Claudine-Talon-2018.pdf\">\n\t\t\t\t\t\t\t<img loading=\"lazy\" decoding=\"async\" width=\"680\" height=\"850\" src=\"https:\/\/fondationclaudinetalon.org\/wp-content\/uploads\/2026\/02\/Rapport-annuel-Fondation-Claudine-Talon-2018.jpg\" class=\"elementor-animation-grow attachment-medium_large size-medium_large wp-image-11789\" alt=\"\" srcset=\"https:\/\/fondationclaudinetalon.org\/wp-content\/uploads\/2026\/02\/Rapport-annuel-Fondation-Claudine-Talon-2018.jpg 680w, https:\/\/fondationclaudinetalon.org\/wp-content\/uploads\/2026\/02\/Rapport-annuel-Fondation-Claudine-Talon-2018-240x300.jpg 240w\" sizes=\"(max-width: 680px) 100vw, 680px\" \/>\t\t\t\t\t\t\t\t<\/a>\n\t\t\t\t\t\t\t\t\t\t\t<figcaption class=\"widget-image-caption wp-caption-text\">2018<\/figcaption>\n\t\t\t\t\t\t\t\t\t\t<\/figure>\n\t\t\t\t\t\t\t\t\t<\/div>\n\t\t\t\t<\/div>\n\t\t\t\t<div class=\"elementor-element elementor-element-d3ee91d elementor-widget__width-inherit elementor-widget elementor-widget-image\" data-id=\"d3ee91d\" data-element_type=\"widget\" data-e-type=\"widget\" data-widget_type=\"image.default\">\n\t\t\t\t<div class=\"elementor-widget-container\">\n\t\t\t\t\t\t\t\t\t\t\t\t<figure class=\"wp-caption\">\n\t\t\t\t\t\t\t\t\t\t\t<a href=\"https:\/\/fondationclaudinetalon.org\/wp-content\/uploads\/2026\/02\/Rapport-annuel-Fondation-Claudine-Talon-2017.pdf\">\n\t\t\t\t\t\t\t<img loading=\"lazy\" decoding=\"async\" width=\"680\" height=\"850\" src=\"https:\/\/fondationclaudinetalon.org\/wp-content\/uploads\/2026\/02\/Rapport-annuel-Fondation-Claudine-Talon-2017.jpg\" class=\"elementor-animation-grow attachment-medium_large size-medium_large wp-image-11790\" alt=\"\" srcset=\"https:\/\/fondationclaudinetalon.org\/wp-content\/uploads\/2026\/02\/Rapport-annuel-Fondation-Claudine-Talon-2017.jpg 680w, https:\/\/fondationclaudinetalon.org\/wp-content\/uploads\/2026\/02\/Rapport-annuel-Fondation-Claudine-Talon-2017-240x300.jpg 240w\" sizes=\"(max-width: 680px) 100vw, 680px\" \/>\t\t\t\t\t\t\t\t<\/a>\n\t\t\t\t\t\t\t\t\t\t\t<figcaption class=\"widget-image-caption wp-caption-text\">2017<\/figcaption>\n\t\t\t\t\t\t\t\t\t\t<\/figure>\n\t\t\t\t\t\t\t\t\t<\/div>\n\t\t\t\t<\/div>\n\t\t\t\t<\/div>\n\t\t\t\t<\/div>\n\t\t\t\t<\/div>\n\t\t","protected":false},"excerpt":{"rendered":"<p>\u00c0 propos de la Fondation Claudine Talon Raison d\u2019\u00eatre Apporter une r\u00e9ponse rapide et int\u00e9gr\u00e9e aux besoins prioritaires des femmes et des enfants vuln\u00e9rables au B\u00e9nin. Vision Un monde dans lequel les femmes et les enfants les plus vuln\u00e9rables ont une meilleure qualit\u00e9 de vie. Principes d&rsquo;action La Fondation Claudine Talon met en \u0153uvre des [&hellip;]<\/p>\n","protected":false},"author":1,"featured_media":0,"parent":0,"menu_order":0,"comment_status":"closed","ping_status":"closed","template":"full-width.php","meta":{"_monsterinsights_skip_tracking":false,"_monsterinsights_sitenote_active":false,"_monsterinsights_sitenote_note":"","_monsterinsights_sitenote_category":0,"footnotes":""},"class_list":["post-516","page","type-page","status-publish","hentry"],"_links":{"self":[{"href":"https:\/\/fondationclaudinetalon.org\/index.php\/wp-json\/wp\/v2\/pages\/516","targetHints":{"allow":["GET"]}}],"collection":[{"href":"https:\/\/fondationclaudinetalon.org\/index.php\/wp-json\/wp\/v2\/pages"}],"about":[{"href":"https:\/\/fondationclaudinetalon.org\/index.php\/wp-json\/wp\/v2\/types\/page"}],"author":[{"embeddable":true,"href":"https:\/\/fondationclaudinetalon.org\/index.php\/wp-json\/wp\/v2\/users\/1"}],"replies":[{"embeddable":true,"href":"https:\/\/fondationclaudinetalon.org\/index.php\/wp-json\/wp\/v2\/comments?post=516"}],"version-history":[{"count":265,"href":"https:\/\/fondationclaudinetalon.org\/index.php\/wp-json\/wp\/v2\/pages\/516\/revisions"}],"predecessor-version":[{"id":11905,"href":"https:\/\/fondationclaudinetalon.org\/index.php\/wp-json\/wp\/v2\/pages\/516\/revisions\/11905"}],"wp:attachment":[{"href":"https:\/\/fondationclaudinetalon.org\/index.php\/wp-json\/wp\/v2\/media?parent=516"}],"curies":[{"name":"wp","href":"https:\/\/api.w.org\/{rel}","templated":true}]}}