{"id":4334,"date":"2021-03-02T13:51:27","date_gmt":"2021-03-02T12:51:27","guid":{"rendered":"https:\/\/fondationclaudinetalon.org\/?page_id=4334"},"modified":"2026-03-04T11:06:04","modified_gmt":"2026-03-04T10:06:04","slug":"prise-en-charge-de-la-cataracte","status":"publish","type":"page","link":"https:\/\/fondationclaudinetalon.org\/index.php\/prise-en-charge-de-la-cataracte\/","title":{"rendered":"[SANT\u00c9] &#8211; Prise en charge de la cataracte"},"content":{"rendered":"\t\t<div data-elementor-type=\"wp-page\" data-elementor-id=\"4334\" class=\"elementor elementor-4334\">\n\t\t\t\t<div class=\"elementor-element elementor-element-0b262b9 e-con-full e-flex e-con e-parent\" data-id=\"0b262b9\" data-element_type=\"container\" data-e-type=\"container\" data-settings=\"{&quot;background_background&quot;:&quot;classic&quot;}\">\n\t\t\t\t<div class=\"elementor-element elementor-element-54c975c elementor-widget__width-inherit elementor-widget elementor-widget-text-editor\" data-id=\"54c975c\" data-element_type=\"widget\" data-e-type=\"widget\" data-widget_type=\"text-editor.default\">\n\t\t\t\t<div class=\"elementor-widget-container\">\n\t\t\t\t\t\t\t\t\t<p>Prise en charge de la cataracte<\/p>\t\t\t\t\t\t\t\t<\/div>\n\t\t\t\t<\/div>\n\t\t\t\t<\/div>\n\t\t<div class=\"elementor-element elementor-element-6b9ba8f e-con-full e-flex e-con e-parent\" data-id=\"6b9ba8f\" data-element_type=\"container\" data-e-type=\"container\">\n\t\t\t\t<div class=\"elementor-element elementor-element-fe844e3 elementor-widget__width-inherit elementor-widget elementor-widget-text-editor\" data-id=\"fe844e3\" data-element_type=\"widget\" data-e-type=\"widget\" data-widget_type=\"text-editor.default\">\n\t\t\t\t<div class=\"elementor-widget-container\">\n\t\t\t\t\t\t\t\t\t<p>Dans les prochains jours<\/p>\t\t\t\t\t\t\t\t<\/div>\n\t\t\t\t<\/div>\n\t\t<div class=\"elementor-element elementor-element-407f835 e-con-full e-grid e-con e-child\" data-id=\"407f835\" data-element_type=\"container\" data-e-type=\"container\">\n\t\t<div class=\"elementor-element elementor-element-ae4157f e-con-full e-flex e-con e-child\" data-id=\"ae4157f\" data-element_type=\"container\" data-e-type=\"container\">\n\t\t\t\t<div class=\"elementor-element elementor-element-321544c elementor-widget__width-inherit elementor-widget elementor-widget-text-editor\" data-id=\"321544c\" data-element_type=\"widget\" data-e-type=\"widget\" data-widget_type=\"text-editor.default\">\n\t\t\t\t<div class=\"elementor-widget-container\">\n\t\t\t\t\t\t\t\t\t<div class=\"xdj266r x14z9mp xat24cr x1lziwak x1vvkbs x126k92a\"><div dir=\"auto\">Si vous \u00eates un adulte souffrant de probl\u00e8mes d&rsquo;yeux, en particulier de la cataracte, la Fondation Claudine Talon vous invite \u00e0 vous faire d\u00e9pister gratuitement les 10, 11 et 12 mars 2026 \u00e0 l\u2019H\u00f4pital de Zone d\u2019Aplahou\u00e9.<\/div><\/div><div class=\"x14z9mp xat24cr x1lziwak x1vvkbs xtlvy1s x126k92a\"><div dir=\"auto\">Les personnes d\u00e9pist\u00e9es dont la cataracte sera confirm\u00e9e seront prises en charge \u00e0 partir du 13 mars.<\/div><\/div><div class=\"x14z9mp xat24cr x1lziwak x1vvkbs xtlvy1s x126k92a\"><div dir=\"auto\">Il est fortement recommand\u00e9 d\u2019\u00eatre pr\u00e9sent d\u00e8s 7h30 les jours de d\u00e9pistage.<\/div><\/div>\t\t\t\t\t\t\t\t<\/div>\n\t\t\t\t<\/div>\n\t\t\t\t<\/div>\n\t\t\t\t<div class=\"elementor-element elementor-element-d27d06e elementor-widget elementor-widget-image\" data-id=\"d27d06e\" data-element_type=\"widget\" data-e-type=\"widget\" data-widget_type=\"image.default\">\n\t\t\t\t<div class=\"elementor-widget-container\">\n\t\t\t\t\t\t\t\t\t\t\t\t\t\t\t<img fetchpriority=\"high\" decoding=\"async\" width=\"768\" height=\"433\" src=\"https:\/\/fondationclaudinetalon.org\/wp-content\/uploads\/2026\/02\/Cataracte-Abomey-visuel-768x433.jpg\" class=\"attachment-medium_large size-medium_large wp-image-11335\" alt=\"\" srcset=\"https:\/\/fondationclaudinetalon.org\/wp-content\/uploads\/2026\/02\/Cataracte-Abomey-visuel-768x433.jpg 768w, https:\/\/fondationclaudinetalon.org\/wp-content\/uploads\/2026\/02\/Cataracte-Abomey-visuel-300x169.jpg 300w, https:\/\/fondationclaudinetalon.org\/wp-content\/uploads\/2026\/02\/Cataracte-Abomey-visuel-1024x577.jpg 1024w, https:\/\/fondationclaudinetalon.org\/wp-content\/uploads\/2026\/02\/Cataracte-Abomey-visuel.jpg 1417w\" sizes=\"(max-width: 768px) 100vw, 768px\" \/>\t\t\t\t\t\t\t\t\t\t\t\t\t\t\t<\/div>\n\t\t\t\t<\/div>\n\t\t\t\t<\/div>\n\t\t\t\t<\/div>\n\t\t<div class=\"elementor-element elementor-element-679296e e-con-full e-flex e-con e-parent\" data-id=\"679296e\" data-element_type=\"container\" data-e-type=\"container\">\n\t\t\t\t<div class=\"elementor-element elementor-element-24e68ad elementor-widget__width-inherit elementor-widget elementor-widget-text-editor\" data-id=\"24e68ad\" data-element_type=\"widget\" data-e-type=\"widget\" data-widget_type=\"text-editor.default\">\n\t\t\t\t<div class=\"elementor-widget-container\">\n\t\t\t\t\t\t\t\t\t<p>Missions programm\u00e9es pour 2026<\/p>\t\t\t\t\t\t\t\t<\/div>\n\t\t\t\t<\/div>\n\t\t<div class=\"elementor-element elementor-element-41f87f6 e-grid e-con-full e-con e-child\" data-id=\"41f87f6\" data-element_type=\"container\" data-e-type=\"container\">\n\t\t\t\t<div class=\"elementor-element elementor-element-d24a4a3 elementor-widget elementor-widget-image\" data-id=\"d24a4a3\" data-element_type=\"widget\" data-e-type=\"widget\" data-widget_type=\"image.default\">\n\t\t\t\t<div class=\"elementor-widget-container\">\n\t\t\t\t\t\t\t\t\t\t\t\t\t\t\t<img decoding=\"async\" width=\"1767\" height=\"1466\" src=\"https:\/\/fondationclaudinetalon.org\/wp-content\/uploads\/2026\/02\/Planning-cataracte-2026.webp\" class=\"attachment-full size-full wp-image-11459\" alt=\"\" srcset=\"https:\/\/fondationclaudinetalon.org\/wp-content\/uploads\/2026\/02\/Planning-cataracte-2026.webp 1767w, https:\/\/fondationclaudinetalon.org\/wp-content\/uploads\/2026\/02\/Planning-cataracte-2026-300x249.webp 300w, https:\/\/fondationclaudinetalon.org\/wp-content\/uploads\/2026\/02\/Planning-cataracte-2026-1024x850.webp 1024w, https:\/\/fondationclaudinetalon.org\/wp-content\/uploads\/2026\/02\/Planning-cataracte-2026-768x637.webp 768w, https:\/\/fondationclaudinetalon.org\/wp-content\/uploads\/2026\/02\/Planning-cataracte-2026-1536x1274.webp 1536w\" sizes=\"(max-width: 1767px) 100vw, 1767px\" \/>\t\t\t\t\t\t\t\t\t\t\t\t\t\t\t<\/div>\n\t\t\t\t<\/div>\n\t\t<div class=\"elementor-element elementor-element-50b88e9 e-con-full e-flex e-con e-child\" data-id=\"50b88e9\" data-element_type=\"container\" data-e-type=\"container\">\n\t\t\t\t<div class=\"elementor-element elementor-element-85116ed elementor-view-stacked elementor-hidden-mobile elementor-shape-circle elementor-widget elementor-widget-icon\" data-id=\"85116ed\" data-element_type=\"widget\" data-e-type=\"widget\" data-widget_type=\"icon.default\">\n\t\t\t\t<div class=\"elementor-widget-container\">\n\t\t\t\t\t\t\t<div class=\"elementor-icon-wrapper\">\n\t\t\t<div class=\"elementor-icon\">\n\t\t\t<i aria-hidden=\"true\" class=\"far fa-calendar\"><\/i>\t\t\t<\/div>\n\t\t<\/div>\n\t\t\t\t\t\t<\/div>\n\t\t\t\t<\/div>\n\t\t\t\t<div class=\"elementor-element elementor-element-a943a10 elementor-widget__width-inherit elementor-widget elementor-widget-text-editor\" data-id=\"a943a10\" data-element_type=\"widget\" data-e-type=\"widget\" data-widget_type=\"text-editor.default\">\n\t\t\t\t<div class=\"elementor-widget-container\">\n\t\t\t\t\t\t\t\t\t<div class=\"xdj266r x14z9mp xat24cr x1lziwak x1vvkbs x126k92a\"><div dir=\"auto\">En 2026, les missions de d\u00e9pistage et de traitement gratuits de la cataracte de la Fondation Claudine Talon se d\u00e9rouleront :<\/div><ul><li dir=\"auto\">au mois de f\u00e9vrier \u00e0 Abomey<\/li><li dir=\"auto\">au mois de mars \u00e0 Aplahou\u00e9<\/li><li dir=\"auto\">au mois de juin \u00e0 Cotonou<\/li><li dir=\"auto\">au mois de septembre \u00e0 Lokossa<\/li><li dir=\"auto\">au mois de d\u00e9cembre \u00e0 Parakou<\/li><\/ul><div dir=\"auto\">Ce programme est susceptible d\u2019\u00eatre modifi\u00e9. Nous vous invitons \u00e0 visiter fr\u00e9quemment cette page afin d\u2019\u00eatre inform\u00e9(e) des dates et lieux exacts.<\/div><\/div>\t\t\t\t\t\t\t\t<\/div>\n\t\t\t\t<\/div>\n\t\t\t\t<\/div>\n\t\t\t\t<\/div>\n\t\t\t\t<\/div>\n\t\t<div class=\"elementor-element elementor-element-441baa5 e-con-full e-flex e-con e-parent\" data-id=\"441baa5\" data-element_type=\"container\" data-e-type=\"container\">\n\t\t\t\t<div class=\"elementor-element elementor-element-c18b181 elementor-widget-divider--view-line elementor-widget elementor-widget-divider\" data-id=\"c18b181\" data-element_type=\"widget\" data-e-type=\"widget\" data-widget_type=\"divider.default\">\n\t\t\t\t<div class=\"elementor-widget-container\">\n\t\t\t\t\t\t\t<div class=\"elementor-divider\">\n\t\t\t<span class=\"elementor-divider-separator\">\n\t\t\t\t\t\t<\/span>\n\t\t<\/div>\n\t\t\t\t\t\t<\/div>\n\t\t\t\t<\/div>\n\t\t\t\t<\/div>\n\t\t<div class=\"elementor-element elementor-element-9590fa6 e-con-full e-flex e-con e-parent\" data-id=\"9590fa6\" data-element_type=\"container\" data-e-type=\"container\">\n\t\t\t\t<div class=\"elementor-element elementor-element-34b57f1 elementor-widget__width-inherit elementor-widget elementor-widget-text-editor\" data-id=\"34b57f1\" data-element_type=\"widget\" data-e-type=\"widget\" data-widget_type=\"text-editor.default\">\n\t\t\t\t<div class=\"elementor-widget-container\">\n\t\t\t\t\t\t\t\t\t<p>Pr\u00e9sentation du projet<\/p><p>Prise en charge de la cataracte<\/p>\t\t\t\t\t\t\t\t<\/div>\n\t\t\t\t<\/div>\n\t\t<div class=\"elementor-element elementor-element-097ca9b e-grid e-con-full e-con e-child\" data-id=\"097ca9b\" data-element_type=\"container\" data-e-type=\"container\">\n\t\t\t\t<div class=\"elementor-element elementor-element-b4985b8 elementor-widget elementor-widget-image\" data-id=\"b4985b8\" data-element_type=\"widget\" data-e-type=\"widget\" data-widget_type=\"image.default\">\n\t\t\t\t<div class=\"elementor-widget-container\">\n\t\t\t\t\t\t\t\t\t\t\t\t\t\t\t<img decoding=\"async\" width=\"768\" height=\"432\" src=\"https:\/\/fondationclaudinetalon.org\/wp-content\/uploads\/2026\/02\/A-propos-cataracte-768x432.jpg\" class=\"attachment-medium_large size-medium_large wp-image-11554\" alt=\"\" srcset=\"https:\/\/fondationclaudinetalon.org\/wp-content\/uploads\/2026\/02\/A-propos-cataracte-768x432.jpg 768w, https:\/\/fondationclaudinetalon.org\/wp-content\/uploads\/2026\/02\/A-propos-cataracte-300x169.jpg 300w, https:\/\/fondationclaudinetalon.org\/wp-content\/uploads\/2026\/02\/A-propos-cataracte-1024x576.jpg 1024w, https:\/\/fondationclaudinetalon.org\/wp-content\/uploads\/2026\/02\/A-propos-cataracte.jpg 1417w\" sizes=\"(max-width: 768px) 100vw, 768px\" \/>\t\t\t\t\t\t\t\t\t\t\t\t\t\t\t<\/div>\n\t\t\t\t<\/div>\n\t\t<div class=\"elementor-element elementor-element-f683229 e-con-full e-flex e-con e-child\" data-id=\"f683229\" data-element_type=\"container\" data-e-type=\"container\">\n\t\t\t\t<div class=\"elementor-element elementor-element-7be7b38 elementor-widget__width-inherit elementor-widget elementor-widget-text-editor\" data-id=\"7be7b38\" data-element_type=\"widget\" data-e-type=\"widget\" data-widget_type=\"text-editor.default\">\n\t\t\t\t<div class=\"elementor-widget-container\">\n\t\t\t\t\t\t\t\t\t<p>Constat<\/p>\t\t\t\t\t\t\t\t<\/div>\n\t\t\t\t<\/div>\n\t\t\t\t<div class=\"elementor-element elementor-element-4d790a1 elementor-widget__width-inherit elementor-widget elementor-widget-text-editor\" data-id=\"4d790a1\" data-element_type=\"widget\" data-e-type=\"widget\" data-widget_type=\"text-editor.default\">\n\t\t\t\t<div class=\"elementor-widget-container\">\n\t\t\t\t\t\t\t\t\t<p>La cataracte est une opacification du cristallin de l\u2019\u0153il qui alt\u00e8re la vision et \u00e9volue g\u00e9n\u00e9ralement vers la c\u00e9cit\u00e9 si elle n\u2019est pas trait\u00e9e. Pourtant, il s\u2019agit d\u2019une affection qui se gu\u00e9rit facilement gr\u00e2ce \u00e0 une op\u00e9ration.<\/p>\t\t\t\t\t\t\t\t<\/div>\n\t\t\t\t<\/div>\n\t\t\t\t<div class=\"elementor-element elementor-element-febeebb elementor-widget__width-inherit elementor-widget elementor-widget-text-editor\" data-id=\"febeebb\" data-element_type=\"widget\" data-e-type=\"widget\" data-widget_type=\"text-editor.default\">\n\t\t\t\t<div class=\"elementor-widget-container\">\n\t\t\t\t\t\t\t\t\t<p>Projet en bref<\/p>\t\t\t\t\t\t\t\t<\/div>\n\t\t\t\t<\/div>\n\t\t\t\t<div class=\"elementor-element elementor-element-6398166 elementor-widget__width-inherit elementor-widget elementor-widget-text-editor\" data-id=\"6398166\" data-element_type=\"widget\" data-e-type=\"widget\" data-widget_type=\"text-editor.default\">\n\t\t\t\t<div class=\"elementor-widget-container\">\n\t\t\t\t\t\t\t\t\t<p>En collaboration avec le Minist\u00e8re de la Sant\u00e9, la Fondation Claudine Talon m\u00e8ne depuis 2021 sur tout le territoire des campagnes gratuites de d\u00e9pistage et d\u2019op\u00e9ration de la cataracte.<\/p>\t\t\t\t\t\t\t\t<\/div>\n\t\t\t\t<\/div>\n\t\t\t\t<\/div>\n\t\t\t\t<\/div>\n\t\t\t\t<\/div>\n\t\t<div class=\"elementor-element elementor-element-83b7cb5 e-con-full e-flex e-con e-parent\" data-id=\"83b7cb5\" data-element_type=\"container\" data-e-type=\"container\">\n\t\t\t\t<div class=\"elementor-element elementor-element-3cb4e82 elementor-widget__width-inherit elementor-widget elementor-widget-text-editor\" data-id=\"3cb4e82\" data-element_type=\"widget\" data-e-type=\"widget\" data-widget_type=\"text-editor.default\">\n\t\t\t\t<div class=\"elementor-widget-container\">\n\t\t\t\t\t\t\t\t\t<p>Chiffres cl\u00e9s de 2021 \u00e0 2024<\/p>\t\t\t\t\t\t\t\t<\/div>\n\t\t\t\t<\/div>\n\t\t<div class=\"elementor-element elementor-element-35d7470 e-grid e-con-full e-con e-child\" data-id=\"35d7470\" data-element_type=\"container\" data-e-type=\"container\">\n\t\t<div class=\"elementor-element elementor-element-79fdd0f e-con-full e-flex e-con e-child\" data-id=\"79fdd0f\" data-element_type=\"container\" data-e-type=\"container\">\n\t\t\t\t<div class=\"elementor-element elementor-element-8f3fd0a elementor-widget elementor-widget-counter\" data-id=\"8f3fd0a\" data-element_type=\"widget\" data-e-type=\"widget\" data-widget_type=\"counter.default\">\n\t\t\t\t<div class=\"elementor-widget-container\">\n\t\t\t\t\t\t\t<div class=\"elementor-counter\">\n\t\t\t<div class=\"elementor-counter-title\">personnes consult\u00e9es<\/div>\t\t\t<div class=\"elementor-counter-number-wrapper\">\n\t\t\t\t<span class=\"elementor-counter-number-prefix\"><\/span>\n\t\t\t\t<span class=\"elementor-counter-number\" data-duration=\"2000\" data-to-value=\"23093\" data-from-value=\"0\" data-delimiter=\".\">0<\/span>\n\t\t\t\t<span class=\"elementor-counter-number-suffix\"><\/span>\n\t\t\t<\/div>\n\t\t<\/div>\n\t\t\t\t\t\t<\/div>\n\t\t\t\t<\/div>\n\t\t\t\t<\/div>\n\t\t<div class=\"elementor-element elementor-element-935d2c5 e-con-full e-flex e-con e-child\" data-id=\"935d2c5\" data-element_type=\"container\" data-e-type=\"container\">\n\t\t\t\t<div class=\"elementor-element elementor-element-05458d9 elementor-widget elementor-widget-counter\" data-id=\"05458d9\" data-element_type=\"widget\" data-e-type=\"widget\" data-widget_type=\"counter.default\">\n\t\t\t\t<div class=\"elementor-widget-container\">\n\t\t\t\t\t\t\t<div class=\"elementor-counter\">\n\t\t\t<div class=\"elementor-counter-title\">personnes retenues pour l\u2019\u00e9valuation pr\u00e9op\u00e9ratoire<\/div>\t\t\t<div class=\"elementor-counter-number-wrapper\">\n\t\t\t\t<span class=\"elementor-counter-number-prefix\"><\/span>\n\t\t\t\t<span class=\"elementor-counter-number\" data-duration=\"2000\" data-to-value=\"7005\" data-from-value=\"0\" data-delimiter=\".\">0<\/span>\n\t\t\t\t<span class=\"elementor-counter-number-suffix\"><\/span>\n\t\t\t<\/div>\n\t\t<\/div>\n\t\t\t\t\t\t<\/div>\n\t\t\t\t<\/div>\n\t\t\t\t<\/div>\n\t\t<div class=\"elementor-element elementor-element-cd234f8 e-con-full e-flex e-con e-child\" data-id=\"cd234f8\" data-element_type=\"container\" data-e-type=\"container\">\n\t\t\t\t<div class=\"elementor-element elementor-element-bf7b86b elementor-widget elementor-widget-counter\" data-id=\"bf7b86b\" data-element_type=\"widget\" data-e-type=\"widget\" data-widget_type=\"counter.default\">\n\t\t\t\t<div class=\"elementor-widget-container\">\n\t\t\t\t\t\t\t<div class=\"elementor-counter\">\n\t\t\t<div class=\"elementor-counter-title\">personnes op\u00e9r\u00e9es<\/div>\t\t\t<div class=\"elementor-counter-number-wrapper\">\n\t\t\t\t<span class=\"elementor-counter-number-prefix\"><\/span>\n\t\t\t\t<span class=\"elementor-counter-number\" data-duration=\"2000\" data-to-value=\"5851\" data-from-value=\"0\" data-delimiter=\".\">0<\/span>\n\t\t\t\t<span class=\"elementor-counter-number-suffix\"><\/span>\n\t\t\t<\/div>\n\t\t<\/div>\n\t\t\t\t\t\t<\/div>\n\t\t\t\t<\/div>\n\t\t\t\t<\/div>\n\t\t<div class=\"elementor-element elementor-element-8fde0f9 e-con-full e-flex e-con e-child\" data-id=\"8fde0f9\" data-element_type=\"container\" data-e-type=\"container\">\n\t\t\t\t<div class=\"elementor-element elementor-element-76b259e elementor-widget elementor-widget-counter\" data-id=\"76b259e\" data-element_type=\"widget\" data-e-type=\"widget\" data-widget_type=\"counter.default\">\n\t\t\t\t<div class=\"elementor-widget-container\">\n\t\t\t\t\t\t\t<div class=\"elementor-counter\">\n\t\t\t<div class=\"elementor-counter-title\">d\u00e9partements impact\u00e9s<\/div>\t\t\t<div class=\"elementor-counter-number-wrapper\">\n\t\t\t\t<span class=\"elementor-counter-number-prefix\"><\/span>\n\t\t\t\t<span class=\"elementor-counter-number\" data-duration=\"2000\" data-to-value=\"12\" data-from-value=\"0\" data-delimiter=\".\">0<\/span>\n\t\t\t\t<span class=\"elementor-counter-number-suffix\"><\/span>\n\t\t\t<\/div>\n\t\t<\/div>\n\t\t\t\t\t\t<\/div>\n\t\t\t\t<\/div>\n\t\t\t\t<\/div>\n\t\t\t\t<\/div>\n\t\t\t\t<\/div>\n\t\t\t\t<\/div>\n\t\t","protected":false},"excerpt":{"rendered":"<p>Prise en charge de la cataracte Dans les prochains jours Si vous \u00eates un adulte souffrant de probl\u00e8mes d&rsquo;yeux, en particulier de la cataracte, la Fondation Claudine Talon vous invite \u00e0 vous faire d\u00e9pister gratuitement les 10, 11 et 12 mars 2026 \u00e0 l\u2019H\u00f4pital de Zone d\u2019Aplahou\u00e9.Les personnes d\u00e9pist\u00e9es dont la cataracte sera confirm\u00e9e seront [&hellip;]<\/p>\n","protected":false},"author":1,"featured_media":0,"parent":0,"menu_order":0,"comment_status":"closed","ping_status":"closed","template":"elementor_header_footer","meta":{"_monsterinsights_skip_tracking":false,"_monsterinsights_sitenote_active":false,"_monsterinsights_sitenote_note":"","_monsterinsights_sitenote_category":0,"footnotes":""},"class_list":["post-4334","page","type-page","status-publish","hentry"],"_links":{"self":[{"href":"https:\/\/fondationclaudinetalon.org\/index.php\/wp-json\/wp\/v2\/pages\/4334","targetHints":{"allow":["GET"]}}],"collection":[{"href":"https:\/\/fondationclaudinetalon.org\/index.php\/wp-json\/wp\/v2\/pages"}],"about":[{"href":"https:\/\/fondationclaudinetalon.org\/index.php\/wp-json\/wp\/v2\/types\/page"}],"author":[{"embeddable":true,"href":"https:\/\/fondationclaudinetalon.org\/index.php\/wp-json\/wp\/v2\/users\/1"}],"replies":[{"embeddable":true,"href":"https:\/\/fondationclaudinetalon.org\/index.php\/wp-json\/wp\/v2\/comments?post=4334"}],"version-history":[{"count":295,"href":"https:\/\/fondationclaudinetalon.org\/index.php\/wp-json\/wp\/v2\/pages\/4334\/revisions"}],"predecessor-version":[{"id":11954,"href":"https:\/\/fondationclaudinetalon.org\/index.php\/wp-json\/wp\/v2\/pages\/4334\/revisions\/11954"}],"wp:attachment":[{"href":"https:\/\/fondationclaudinetalon.org\/index.php\/wp-json\/wp\/v2\/media?parent=4334"}],"curies":[{"name":"wp","href":"https:\/\/api.w.org\/{rel}","templated":true}]}}